(3). Let f = 63 + k. Give y(f).
-8
Let s(u) = -u**2 + u + 1. Let x(i) = -4*i**2 + 5*i + 8. Let l(a) = -6*s(a) + x(a). Let d(r) = -9*r**2 + 17*r - 5. Let v(b) = -d(b) - 5*l(b). Give v(-10).
15
Let d(w) = 144*w - 293*w + 152*w + 3 - 2*w**2. Let b = 8 + -4. Determine d(b).
-17
Let s(w) be the first derivative of w**4/8 + w**3/2 + w**2/2 - 1. Let u(g) be the second derivative of s(g). Suppose -35*f + 36 + 2 + 137 = 0. Determine u(f).
18
Let y(c) be the second derivative of -c**3/3 + 11*c**2/2 + 275*c. What is y(0)?
11
Let h be 3/12*3/(21/28). Let y(w) = -24*w**2 - 2*w + 1. Calculate y(h).
-25
Let q(p) = -4*p + 9. Let b be q(3). Let v(y) be the first derivative of -y**3/3 - 3*y**2/2 - y + 29. Calculate v(b).
-1
Let c = 1826 - 1835. Let r(h) = -24*h - 216. Give r(c).
0
Let l(w) = -95*w**2 + 2*w - 7. Let k(g) = -475*g**2 + 9*g - 37. Let a(o) = 2*k(o) - 11*l(o). What is a(1)?
94
Let n be 4 - (0 + 2) - -1. Suppose m + n = -p - 2*p, -5*m - 4*p = -18. Let u(h) = -h + 43 - 16 - 24. What is u(m)?
-3
Let p(a) be the first derivative of 5*a**2/2 - 96*a + 1518. Determine p(20).
4
Let w(n) = -3*n**2 - n + 3. Let i(u) = -u**2 + 1. Let t = 19 + -20. Let k(o) = t*w(o) + 2*i(o). Calculate k(4).
19
Let o(f) = f**3 - 14*f**2 - 3*f + 54. Let j = 4994 - 4980. Give o(j).
12
Let j(o) = -o**3 - 64*o**2 + 199*o - 131. Let s be j(-67). Let x(m) = -12*m + 16. Determine x(s).
-20
Let f(g) = -19*g - 216. Suppose 65 = -5*j + 5*t, 19*t = 3*j + 15*t + 40. Give f(j).
12
Let y(q) be the third derivative of -3*q**4/8 + 13*q**3/6 - 186*q**2 - 3. Determine y(0).
13
Let x be 0 + (-4)/(-1)*1. Suppose 4 = 3*s + 5*h, -4*s + 5*h - x*h = 10. Let w(i) = i**2 + 4*i + 5. Determine w(s).
1
Let w(q) = q**2 - 12*q - 9. Suppose -456 = -1787*o + 1749*o. Determine w(o).
-9
Let i(q) = -9 + q**2 - 31*q**2 + 4*q**3 + 2*q**3 + 2195*q - 7*q**3 - 2163*q. Determine i(-31).
-40
Suppose 0 = -523*n + 525*n + 42. Let y be ((-12)/(-9))/(6 - (-112)/n). Let t(j) = 4*j - 4. What is t(y)?
4
Let w(z) = -2*z**2 - 7*z - 4. Let g be (12/16)/((-1)/(-4)). Let d(p) = -p - 141*p**2 + 143*p**2 + 6*p + g*p + 5. Let l(y) = 5*d(y) + 6*w(y). What is l(1)?
-3
Suppose 4*n + f = 24, 3*n = -0*n + 5*f - 5. Suppose s = -n*h + 2*s + 834, s = -4*h + 669. Let u(i) = -h*i + 4 + 1 + 166*i. Give u(7).
-2
Let l = -216 - -216. Let m(z) = 173*z + 4*z**2 - z**3 + l - 168*z - 1. Calculate m(5).
-1
Let f(p) = -39*p + 9. Let k(h) = -197*h + 49. Let g(q) = 11*f(q) - 2*k(q). Let w(o) = o**3 - 2*o**2 - 3*o - 1. Let j be w(3). Give g(j).
36
Suppose 0 = -5*r + z + 29 + 12, 17 = 2*r - z. Let i(m) = m**2 - 6*m + 16. Calculate i(r).
32
Suppose 2*v = -5 + 259. Let g = v - 125. Let f(p) = -g*p - 2*p + 4 + p - p**2 - 1. What is f(-3)?
3
Let f(k) = -4*k**3 - 8*k**2 + 2*k**3 + 3*k**3 + 2*k - 79 + 80. Determine f(3).
-38
Suppose 12 + 5 = -4*z - 5*h, 2*z = -5*h - 21. Let g(c) = c**2 - 125*c - 1. Let u(p) = 2*p**2 + 246*p + 5. Let q(a) = -2*g(a) - u(a). What is q(z)?
-11
Let i(q) be the first derivative of -q**5/20 - q**4/2 + q**3/6 + 2*q**2 + 60*q - 62. Let p(z) be the first derivative of i(z). Determine p(-6).
-2
Let q(w) = w**3 - 3*w**2 - 2*w - 2. Suppose -3*a = -3*i - 21, i = 2*i - 5. Let u(s) = 9 + 4*s - a*s**2 + 21*s**2 - 11*s**2. Let d be u(3). What is q(d)?
-8
Let f(b) = -b**3 + 10*b**2 - 8*b - 4. Suppose -7*y + 90 = -81 + 108. Calculate f(y).
5
Let l = 12 + -7. Let r(j) = -17 + 11 - 5*j**2 + l + j**3 + 5*j. Let h be r(4). Let w(s) = -s**2 + 4*s + 1. Calculate w(h).
4
Let s be (-2)/(-10)*(-11 - -11) + -3. Let l(p) be the first derivative of -p**3/3 - 5*p**2/2 - 2*p - 95. Determine l(s).
4
Let v(z) = 5*z - 39. Let j be v(8). Let o(q) = 25*q**2 - q - 21. Let s(h) = -5*h**2 + 4. Let a(t) = 2*o(t) + 11*s(t). Determine a(j).
-5
Let v(p) = -12*p + 3. Let z(o) = -18*o - 104. Let s(x) = v(x) - z(x). Give s(-18).
-1
Let q(k) = -13*k + 13. Let m(s) = -16*s + 14. Let l(o) = 4*m(o) - 5*q(o). Let y(z) = z**2 + z - 8. Let f be y(-4). Calculate l(f).
-5
Suppose 6*h + 105 - 141 = 0. Let l = -133 + 133. Let k(z) = l*z - 118 - z + 121. Give k(h).
-3
Let o(u) = -9 - 3 - 7 - 4*u - 5*u**2 + 16. What is o(1)?
-12
Let d(t) be the second derivative of 0*t**3 + 11/120*t**6 + 0 - 6*t - 1/24*t**4 + 4*t**2 - 1/60*t**5. Let p(f) be the first derivative of d(f). What is p(-1)?
-11
Let x(m) be the second derivative of 1/6*m**4 + 1/20*m**5 + 2*m + 0 + 5/6*m**3 + 2*m**2. Let j(y) = y**3 - 2*y**2 + 6*y + 60. Let a be j(-3). What is x(a)?
-20
Let f(z) = 7*z**2 - 26*z + 45. Let k(m) = 4*m**2 - 13*m + 23. Let d(p) = 3*f(p) - 5*k(p). Give d(12).
8
Suppose -5*q - 19 = 2*x + x, -4*x + 5*q + 33 = 0. Let u(n) = -n**3 + 6 + 2 - 3 - 548*n**2 + 554*n**x. What is u(6)?
5
Let u(b) = -b**3 + 4*b**2 - 4*b - 1. Let w(i) = 36*i - 59 + 41*i - 86*i. Let n be w(-7). Determine u(n).
-17
Let m(w) = -182*w - 533. Let a be m(-3). Let c(z) = z**3 - 13*z**2 + z - 13. Give c(a).
0
Let m(f) = 219*f**2 - 1315*f + 12. Let s be m(6). Let i(p) = -17*p + 111. Give i(s).
9
Suppose -3*n = 4*t - 7, 0 = -2*t - 2*t + 4*n + 28. Let l(x) = 11*x**2 + 2*x - 3. Let v(w) = 17*w**2 + w - 3. Let d(a) = -3*l(a) + 2*v(a). Calculate d(t).
3
Let k be ((-170)/25)/((-1)/15*-3). Suppose -4*s - 169 = 5*r, -2*s - 112 = 4*r + 28. Let b = r - k. Let p(z) = -5*z - 4. Determine p(b).
11
Let b(g) = g**3 + 5*g**2 - g. Let d(q) = -5*q - 2. Let w(v) = 7*v + 3. Let m(t) = 4*d(t) + 3*w(t). Let y = 4 - 8. Let a be m(y). Give b(a).
21
Let k(i) be the third derivative of -i**6/60 - 9*i**5/20 + 2*i**4/3 + 3*i**3/2 - 1288*i**2 + 2*i - 2. Give k(-14).
-19
Suppose 38 + 184 = y. Let i be y/(-8)*20/5. Let s = -110 - i. Let r(l) = -l**3 + l - 1. Give r(s).
-1
Suppose a + 8 = y - 3*a, y + 2*a - 26 = 0. Let f(x) = 5*x**3 - 28*x + 9*x + y*x. Give f(1).
6
Let m(d) = 3*d**2. Let k(l) = -3*l**2 + 7*l - 8. Let x be k(6). Let u be x/10 - (-4)/10. Let i(j) = -5*j**2. Let o(n) = u*m(n) - 3*i(n). Determine o(1).
-6
Let m(o) be the third derivative of -o**5/60 - 5*o**4/24 - 5*o**3/6 - 5*o**2. Suppose 66 = 5*k - l + 94, 0 = k - 2*l + 2. What is m(k)?
-11
Let f(j) = j**2 + 23*j + 5. Let z be (36 - -9 - 9)*4/(-6). What is f(z)?
29
Suppose -110*r - 57 = -129*r. Let l(t) = -6*t + 3. Determine l(r).
-15
Let n(v) = 7*v**2 - 6*v + 3. Let s(i) = 5*i**2 - 3*i + 4. Let c(j) = -3*n(j) + 4*s(j). Let m(r) = r**2 - 2*r - 3. Let w be m(5). Let l = w - 5. Give c(l).
0
Let y(o) be the first derivative of -o**4/2 - 2*o**3 + 11*o**2/2 + 6*o - 533. Suppose 5*j + 28 = 2*h, 0*j - 5*h = 3*j - 8. What is y(j)?
-6
Let m be (1 + (1 - 1) + -2)*(-729)/243. Let v(o) = -6*o + 13. Calculate v(m).
-5
Let m(r) be the third derivative of -161*r**4/12 - 429*r**3/2 + 7167*r**2. Give m(-4).
1
Let a(b) = -10*b**3 - 27*b**2 - 13. Let h(q) = -3*q**3 - 9*q**2 - 4. Suppose 0*m - 21 = 3*m. Let s(n) = m*h(n) + 2*a(n). Let o = 26 + -35. Determine s(o).
2
Let d = -25 - 29. Let r = d - -59. Let h(z) = -z - 1. Let b(k) = -k**2 - 5*k - 10. Let f(u) = r*h(u) - b(u). Calculate f(0).
5
Let o(z) = -z**2 + 6*z - 4. Let y = -90 - -93. Suppose -y*n + l + 4 = -3*l, 3*n = 3*l + 6. Suppose -2*q - 2*r + 3*r + 12 = 0, 5*r = -n*q + 10. Determine o(q).
1
Let z(j) = 53 + 5*j + 13*j**2 + 76*j**3 - 51 - 75*j**3 + 7*j. Let n be (-3)/((-6)/(-20)) - (-4 - -6). Determine z(n).
2
Let u(s) = -s**2 + 15*s + 35. Suppose 0 = 3*g - 2*l - 47, -2*g + 7*g + 2*l - 89 = 0. Determine u(g).
1
Let j(k) = 55 - 30 + 8*k - k**3 + 9*k**2 - 33. Determine j(10).
-28
Let t(f) = 62*f**3 - 7*f + 13. Let o(v) = -37*v**3 + 4*v - 7. Let m(c) = -5*o(c) - 3*t(c). Determine m(4).
-64
Let y(a) = -2*a**3 + 2 - 125*a + a**2 + 3*a**3 + 51*a + 78*a - 11. What is y(3)?
39
Let a(q) = 1. Let x(i) = -5*i - 76. Let p(h) = -5*a(h) + x(h). Let l be p(-18). Let g(d) = -d**2 + 6*d + 18. What is g(l)?
-9
Let o be (3 - (-3724)/8) + 21/(-42). Let j = o - 477. Let y(v) = 2*v + 1. Calculate y(j).
-17
Let w(u) be the third derivative of u**9/60480 - u**8/2520 + u**6/120 + 19*u**5/10 - 86*u**2. Let l(d) be the third derivative of w(d). Give l(8).
6
Let b(u) = 5*u**2 - 11*u - 4. Let r(x) = -4*x**2 + 9*x + 3. Let l(j) = -6*b(j) - 7*r(j). Let t(a) = a**3 + 2. Let h(m) = l(m) - t(m). What is h(3)?
-35
Suppose t + 7 + 12 = 3*l, 5*t = -5*l + 25. Let i(h) = -h. Let f(v) = 3*v - 1. Let r(u) = l*i(u) + f(u). Let s = -4 + 5. Give r(s).
-4
Let i(f) be the third derivative of f**6/120 - f**5/12 + 